{"id":2324,"date":"2022-04-26T09:34:43","date_gmt":"2022-04-26T09:34:43","guid":{"rendered":"https:\/\/pp8.kluczbork.pl\/?page_id=2324"},"modified":"2022-09-19T12:17:55","modified_gmt":"2022-09-19T12:17:55","slug":"rozklad-dnia","status":"publish","type":"page","link":"https:\/\/pp8.kluczbork.pl\/?page_id=2324","title":{"rendered":"Rozk\u0142ad dnia"},"content":{"rendered":"<p align=\"center\"><strong>PRZEDSZKOLE CZYNNE: <\/strong><\/p>\n<p align=\"center\">od poniedzia\u0142ku do pi\u0105tku<\/p>\n<p align=\"center\"><strong>w godz. 6.00 &#8211; 17.00<\/strong><\/p>\n<p align=\"center\"><span style=\"color: #ff0000;\"><strong>RAMOWY ROZK\u0141AD DNIA<\/strong><\/span><\/p>\n<table border=\"1\" cellpadding=\"0\">\n<tbody>\n<tr>\n<td width=\"129\">\n<p align=\"center\"><span style=\"color: #3366ff;\">6.00 \u2013 8.00<\/span><\/p>\n<\/td>\n<td valign=\"top\" width=\"465\"><span style=\"color: #3366ff;\">Codziennie rano z weso\u0142\u0105 min\u0105 przychodzimy do przedszkola.<\/span><\/p>\n<p><span style=\"color: #3366ff;\">Tu czekaj\u0105 na nas kole\u017canki, koledzy i nasze panie.<\/span><\/p>\n<p><span style=\"color: #3366ff;\">Witamy si\u0119 ze wszystkimi i rozpoczynamy zabaw\u0119.<\/span><\/p>\n<p><span style=\"color: #3366ff;\">Wybieramy to, co nas interesuje: klocki, lalki, samochody, puzzle, gry planszowe itp.<\/span><\/td>\n<\/tr>\n<tr>\n<td width=\"129\"><span style=\"color: #800080;\">&nbsp;&nbsp; 8.00 \u2013 8.30<\/span><\/td>\n<td valign=\"top\" width=\"465\"><span style=\"color: #800080;\">Bawimy si\u0119 z dzie\u0107mi i uczymy przestrzegania zasad r\u00f3wnego prawa do korzystania ze wsp\u00f3lnych zabawek. Tworzymy sytuacje doskonal\u0105ce pami\u0119\u0107, zdolno\u015b\u0107 kojarzenia, umiej\u0119tno\u015b\u0107 skupiania uwagi na osobach i rzeczach.<\/span><\/td>\n<\/tr>\n<tr>\n<td width=\"129\"><span style=\"color: #33cccc;\">&nbsp;&nbsp;8.30 \u2013 9.00<\/span><\/td>\n<td valign=\"top\" width=\"465\"><span style=\"color: #33cccc;\">Porz\u0105dkujemy zabawki po sko\u0144czonej zabawie i czas na gimnastyk\u0119 porann\u0105 i zabawy ruchowe. Po zabawach ruchowych idziemy do \u0142azienki. Korzystamy z toalety i dok\u0142adnie myjemy r\u0119ce. Przygotowujemy sie do \u015bniadania.<\/span><\/td>\n<\/tr>\n<tr>\n<td width=\"129\"><span style=\"color: #339966;\">&nbsp;&nbsp;9.00 \u2013 9.30<\/span><\/td>\n<td valign=\"top\" width=\"465\"><span style=\"color: #339966;\">Teraz zjadamy pyszne i zdrowe \u015bniadanie. Przekonujemy si\u0119, \u017ce mleko i inne potrawy s\u0105 nie tylko zdrowe, ale i smaczne. Wyrabiamy nawyki higieniczno \u2013 kulturalne zwi\u0105zanych ze spo\u017cywaniem \u015bniadania.<\/span><\/td>\n<\/tr>\n<tr>\n<td width=\"129\"><span style=\"color: #ff0000;\">&nbsp;&nbsp;9.30 \u2013 10.30<\/span><\/td>\n<td valign=\"top\" width=\"465\"><span style=\"color: #ff0000;\">To czas, w kt\u00f3rym dzieje si\u0119 wiele ciekawych rzeczy.&nbsp;<\/span><\/p>\n<p><span style=\"color: #ff0000;\">Powstaj\u0105 sytuacje edukacyjno &#8211; wychowawcze organizowane przez nauczycielk\u0119 wyzwalaj\u0105ce tw\u00f3rcz\u0105 postaw\u0119 i ekspresj\u0119 dzieci; zabawy ruchowe organizowane, inspirowane przez nauczyciela. Wzbogacamy swoje wiadomo\u015bci: uczymy si\u0119 wierszy, piosenek, ta\u0144czymy, liczymy, rozwi\u0105zujemy zagadki, nie zapominamy tak\u017ce o zabawach ruchowych.<\/span><\/td>\n<\/tr>\n<tr>\n<td width=\"129\">\n<p align=\"center\"><span style=\"color: #ff9900;\">10.30 \u2013 11.30<\/span><\/p>\n<\/td>\n<td valign=\"top\" width=\"465\"><span style=\"color: #ff9900;\">\u015awie\u017ce powietrze to zdrowie, dlatego jest to czas na zabawy na podw\u00f3rku przedszkolnym, gdzie rozwijamy swoj\u0105 wyobra\u017ani\u0119 tworz\u0105c wsp\u00f3lnie r\u00f3\u017cne zabawy i budowle z piasku. Spacerujemy po najbli\u017cszym otoczeniu, wybieramy si\u0119 na wycieczki, a tak\u017ce wspaniale bawimy si\u0119&nbsp;na placu zabaw.<\/span><\/td>\n<\/tr>\n<tr>\n<td width=\"129\">\n<p align=\"center\"><span style=\"color: #00ff00;\">11.30 \u2013 12.00<\/span><\/p>\n<\/td>\n<td valign=\"top\" width=\"465\"><span style=\"color: #00ff00;\">To czas czynno\u015bci higieniczno &#8211; sanitarne i przygotowanie do obiadu. Dy\u017curni pomagaj\u0105 pani wo\u017anej w nakryciu stolik\u00f3w do spo\u017cywania posi\u0142k\u00f3w. Wszystkie dzieci pami\u0119taj\u0105 o dok\u0142adnym myciu r\u0105k i formach grzeczno\u015bciowych: smacznego i dzi\u0119kuj\u0119.<\/span><\/td>\n<\/tr>\n<tr>\n<td width=\"129\">\n<p align=\"center\"><span style=\"color: #666699;\">12.00 \u2013 12.30<\/span><\/p>\n<\/td>\n<td valign=\"top\" width=\"465\"><span style=\"color: #666699;\">Zjadamy pyszny obiadek i bogate w witaminy sur\u00f3wki przygotowane przez panie kucharki. Usprawniamy technik\u0119 samodzielnego spo\u017cywania posi\u0142k\u00f3w, pos\u0142ugiwania si\u0119 sztu\u0107cami, przezwyci\u0119\u017camy uprzedzenia i przyzwyczajenia do zdrowego \u017cywienia. Po posi\u0142ku myjemy z\u0119by.<\/span><\/td>\n<\/tr>\n<tr>\n<td width=\"129\">\n<p align=\"center\"><span style=\"color: #008080;\">12.30 \u2013 13.00<\/span><\/p>\n<\/td>\n<td valign=\"top\" width=\"465\"><span style=\"color: #008080;\">To czas na nasz\u0105 spontaniczn\u0105 i samorzutn\u0105 aktywno\u015b\u0107. Wybieramy to, co nas interesuje: klocki, lalki, samochody, puzzle, gry planszowe itp.<\/span><\/td>\n<\/tr>\n<tr>\n<td rowspan=\"3\" width=\"129\">\n<p align=\"center\"><span style=\"color: #ffcc00;\">13.00 \u2013 16.30<\/span><\/p>\n<\/td>\n<td valign=\"top\" width=\"465\"><span style=\"color: #ffcc00;\">Czas na odpoczynek i r\u00f3\u017cne formy relaksu. W poszczeg\u00f3lnych grupach wiekowych organizowane s\u0105 zaj\u0119cia zgodnie z potrzebami i&nbsp;mo\u017cliwo\u015bciami dzieci. Czytamy bajki i rozwijamy zainteresowanie&nbsp;literatur\u0105 dzieci\u0119c\u0105. To tak\u017ce czas na indywidualne ko\u0144czenie prac plastyczno \u2013 konstrukcyjnych, i zabawy swobodne.<\/span><\/td>\n<\/tr>\n<tr>\n<td valign=\"top\" width=\"465\"><span style=\"color: #cc99ff;\">Podwieczorek i czynno\u015bci higieniczno-sanitarne.<\/span><\/td>\n<\/tr>\n<tr>\n<td valign=\"top\" width=\"465\"><span style=\"color: #666699;\">Organizowane s\u0105 warunk\u00f3w do tw\u00f3rczej aktywno\u015bci poprzez udzia\u0142 dzieci w zaj\u0119ciach dodatkowych prowadzonych przez specjalist\u00f3w.<\/span><\/td>\n<\/tr>\n<tr>\n<td width=\"129\"><span style=\"color: #ff6600;\">&nbsp;16.30 \u2013 17.00<\/span><\/td>\n<td valign=\"top\" width=\"465\"><span style=\"color: #ff6600;\">Ko\u0144czy si\u0119 dzie\u0144 w przedszkolu. Rodzice zabieraj\u0105 nas do dom\u00f3w. Ci kt\u00f3rzy jeszcze zostaj\u0105 maj\u0105 czas na zabaw\u0119.<\/span><\/p>\n<p>&nbsp;<\/td>\n<\/tr>\n<\/tbody>\n<\/table>\n","protected":false},"excerpt":{"rendered":"<p>PRZEDSZKOLE CZYNNE: od poniedzia\u0142ku do pi\u0105tku w godz. 6.00 &#8211; 17.00 RAMOWY ROZK\u0141AD DNIA 6.00 \u2013 8.00 Codziennie rano z weso\u0142\u0105 min\u0105 przychodzimy do przedszkola. Tu czekaj\u0105 na nas kole\u017canki, koledzy i nasze panie. Witamy si\u0119 ze wszystkimi i rozpoczynamy zabaw\u0119. Wybieramy to, co nas interesuje: klocki, lalki, samochody, puzzle, [&hellip;]<\/p>\n","protected":false},"author":1,"featured_media":0,"parent":2240,"menu_order":0,"comment_status":"closed","ping_status":"closed","template":"","meta":{"ngg_post_thumbnail":0,"footnotes":""},"_links":{"self":[{"href":"https:\/\/pp8.kluczbork.pl\/index.php?rest_route=\/wp\/v2\/pages\/2324"}],"collection":[{"href":"https:\/\/pp8.kluczbork.pl\/index.php?rest_route=\/wp\/v2\/pages"}],"about":[{"href":"https:\/\/pp8.kluczbork.pl\/index.php?rest_route=\/wp\/v2\/types\/page"}],"author":[{"embeddable":true,"href":"https:\/\/pp8.kluczbork.pl\/index.php?rest_route=\/wp\/v2\/users\/1"}],"replies":[{"embeddable":true,"href":"https:\/\/pp8.kluczbork.pl\/index.php?rest_route=%2Fwp%2Fv2%2Fcomments&post=2324"}],"version-history":[{"count":3,"href":"https:\/\/pp8.kluczbork.pl\/index.php?rest_route=\/wp\/v2\/pages\/2324\/revisions"}],"predecessor-version":[{"id":2796,"href":"https:\/\/pp8.kluczbork.pl\/index.php?rest_route=\/wp\/v2\/pages\/2324\/revisions\/2796"}],"up":[{"embeddable":true,"href":"https:\/\/pp8.kluczbork.pl\/index.php?rest_route=\/wp\/v2\/pages\/2240"}],"wp:attachment":[{"href":"https:\/\/pp8.kluczbork.pl\/index.php?rest_route=%2Fwp%2Fv2%2Fmedia&parent=2324"}],"curies":[{"name":"wp","href":"https:\/\/api.w.org\/{rel}","templated":true}]}}

Rozkład dnia

<p align="center"><strong>PRZEDSZKOLE CZYNNE: </strong></p>
<p align="center">od poniedziałku do piątku</p>
<p align="center"><strong>w godz. 6.00 &#8211; 17.00</strong></p>
<p align="center"><span style="color: #ff0000;"><strong>RAMOWY ROZKŁAD DNIA</strong></span></p>
<table border="1" cellpadding="0">
<tbody>
<tr>
<td width="129">
<p align="center"><span style="color: #3366ff;">6.00 – 8.00</span></p>
</td>
<td valign="top" width="465"><span style="color: #3366ff;">Codziennie rano z wesołą miną przychodzimy do przedszkola.</span></p>
<p><span style="color: #3366ff;">Tu czekają na nas koleżanki, koledzy i nasze panie.</span></p>
<p><span style="color: #3366ff;">Witamy się ze wszystkimi i rozpoczynamy zabawę.</span></p>
<p><span style="color: #3366ff;">Wybieramy to, co nas interesuje: klocki, lalki, samochody, puzzle, gry planszowe itp.</span></td>
</tr>
<tr>
<td width="129"><span style="color: #800080;">&nbsp;&nbsp; 8.00 – 8.30</span></td>
<td valign="top" width="465"><span style="color: #800080;">Bawimy się z dziećmi i uczymy przestrzegania zasad równego prawa do korzystania ze wspólnych zabawek. Tworzymy sytuacje doskonalące pamięć, zdolność kojarzenia, umiejętność skupiania uwagi na osobach i rzeczach.</span></td>
</tr>
<tr>
<td width="129"><span style="color: #33cccc;">&nbsp;&nbsp;8.30 – 9.00</span></td>
<td valign="top" width="465"><span style="color: #33cccc;">Porządkujemy zabawki po skończonej zabawie i czas na gimnastykę poranną i zabawy ruchowe. Po zabawach ruchowych idziemy do łazienki. Korzystamy z toalety i dokładnie myjemy ręce. Przygotowujemy sie do śniadania.</span></td>
</tr>
<tr>
<td width="129"><span style="color: #339966;">&nbsp;&nbsp;9.00 – 9.30</span></td>
<td valign="top" width="465"><span style="color: #339966;">Teraz zjadamy pyszne i zdrowe śniadanie. Przekonujemy się, że mleko i inne potrawy są nie tylko zdrowe, ale i smaczne. Wyrabiamy nawyki higieniczno – kulturalne związanych ze spożywaniem śniadania.</span></td>
</tr>
<tr>
<td width="129"><span style="color: #ff0000;">&nbsp;&nbsp;9.30 – 10.30</span></td>
<td valign="top" width="465"><span style="color: #ff0000;">To czas, w którym dzieje się wiele ciekawych rzeczy.&nbsp;</span></p>
<p><span style="color: #ff0000;">Powstają sytuacje edukacyjno &#8211; wychowawcze organizowane przez nauczycielkę wyzwalające twórczą postawę i ekspresję dzieci; zabawy ruchowe organizowane, inspirowane przez nauczyciela. Wzbogacamy swoje wiadomości: uczymy się wierszy, piosenek, tańczymy, liczymy, rozwiązujemy zagadki, nie zapominamy także o zabawach ruchowych.</span></td>
</tr>
<tr>
<td width="129">
<p align="center"><span style="color: #ff9900;">10.30 – 11.30</span></p>
</td>
<td valign="top" width="465"><span style="color: #ff9900;">Świeże powietrze to zdrowie, dlatego jest to czas na zabawy na podwórku przedszkolnym, gdzie rozwijamy swoją wyobraźnię tworząc wspólnie różne zabawy i budowle z piasku. Spacerujemy po najbliższym otoczeniu, wybieramy się na wycieczki, a także wspaniale bawimy się&nbsp;na placu zabaw.</span></td>
</tr>
<tr>
<td width="129">
<p align="center"><span style="color: #00ff00;">11.30 – 12.00</span></p>
</td>
<td valign="top" width="465"><span style="color: #00ff00;">To czas czynności higieniczno &#8211; sanitarne i przygotowanie do obiadu. Dyżurni pomagają pani woźnej w nakryciu stolików do spożywania posiłków. Wszystkie dzieci pamiętają o dokładnym myciu rąk i formach grzecznościowych: smacznego i dziękuję.</span></td>
</tr>
<tr>
<td width="129">
<p align="center"><span style="color: #666699;">12.00 – 12.30</span></p>
</td>
<td valign="top" width="465"><span style="color: #666699;">Zjadamy pyszny obiadek i bogate w witaminy surówki przygotowane przez panie kucharki. Usprawniamy technikę samodzielnego spożywania posiłków, posługiwania się sztućcami, przezwyciężamy uprzedzenia i przyzwyczajenia do zdrowego żywienia. Po posiłku myjemy zęby.</span></td>
</tr>
<tr>
<td width="129">
<p align="center"><span style="color: #008080;">12.30 – 13.00</span></p>
</td>
<td valign="top" width="465"><span style="color: #008080;">To czas na naszą spontaniczną i samorzutną aktywność. Wybieramy to, co nas interesuje: klocki, lalki, samochody, puzzle, gry planszowe itp.</span></td>
</tr>
<tr>
<td rowspan="3" width="129">
<p align="center"><span style="color: #ffcc00;">13.00 – 16.30</span></p>
</td>
<td valign="top" width="465"><span style="color: #ffcc00;">Czas na odpoczynek i różne formy relaksu. W poszczególnych grupach wiekowych organizowane są zajęcia zgodnie z potrzebami i&nbsp;możliwościami dzieci. Czytamy bajki i rozwijamy zainteresowanie&nbsp;literaturą dziecięcą. To także czas na indywidualne kończenie prac plastyczno – konstrukcyjnych, i zabawy swobodne.</span></td>
</tr>
<tr>
<td valign="top" width="465"><span style="color: #cc99ff;">Podwieczorek i czynności higieniczno-sanitarne.</span></td>
</tr>
<tr>
<td valign="top" width="465"><span style="color: #666699;">Organizowane są warunków do twórczej aktywności poprzez udział dzieci w zajęciach dodatkowych prowadzonych przez specjalistów.</span></td>
</tr>
<tr>
<td width="129"><span style="color: #ff6600;">&nbsp;16.30 – 17.00</span></td>
<td valign="top" width="465"><span style="color: #ff6600;">Kończy się dzień w przedszkolu. Rodzice zabierają nas do domów. Ci którzy jeszcze zostają mają czas na zabawę.</span></p>
<p>&nbsp;</td>
</tr>
</tbody>
</table>

<p>PRZEDSZKOLE CZYNNE: od poniedziałku do piątku w godz. 6.00 &#8211; 17.00 RAMOWY ROZKŁAD DNIA 6.00 – 8.00 Codziennie rano z wesołą miną przychodzimy do przedszkola. Tu czekają na nas koleżanki, koledzy i nasze panie. Witamy się ze wszystkimi i rozpoczynamy zabawę. Wybieramy to, co nas interesuje: klocki, lalki, samochody, puzzle, [&hellip;]</p>
