{"id":2240,"date":"2022-04-13T12:02:50","date_gmt":"2022-04-13T12:02:50","guid":{"rendered":"https:\/\/pp8.kluczbork.pl\/?page_id=2240"},"modified":"2026-01-19T16:47:27","modified_gmt":"2026-01-19T16:47:27","slug":"informacje-dla-rodzicow","status":"publish","type":"page","link":"https:\/\/pp8.kluczbork.pl\/?page_id=2240","title":{"rendered":"Informacje dla Rodzic\u00f3w"},"content":{"rendered":"\t\t<div data-elementor-type=\"wp-page\" data-elementor-id=\"2240\" class=\"elementor elementor-2240\" data-elementor-settings=\"[]\">\n\t\t\t\t\t\t\t<div class=\"elementor-section-wrap\">\n\t\t\t\t\t\t\t<section class=\"elementor-section elementor-top-section elementor-element elementor-element-3382333 elementor-section-boxed elementor-section-height-default elementor-section-height-default\" data-id=\"3382333\" data-element_type=\"section\">\n\t\t\t\t\t\t<div class=\"elementor-container elementor-column-gap-default\">\n\t\t\t\t\t<div class=\"elementor-column elementor-col-100 elementor-top-column elementor-element elementor-element-0a499c6\" data-id=\"0a499c6\" data-element_type=\"column\">\n\t\t\t<div class=\"elementor-widget-wrap elementor-element-populated\">\n\t\t\t\t\t\t\t\t<div class=\"elementor-element elementor-element-2e03942 elementor-widget elementor-widget-text-editor\" data-id=\"2e03942\" data-element_type=\"widget\" data-widget_type=\"text-editor.default\">\n\t\t\t\t<div class=\"elementor-widget-container\">\n\t\t\t\t\t\t\t\t<div class=\"dd-postcontent clearfix\"><div class=\"dd-article\"><div class=\"dd-postcontent clearfix\"><div class=\"dd-article\" style=\"text-align: center;\"><h2 class=\"dd-postheader\"><span class=\"dd-postheadericon\">Oczyszczacz od Movello<\/span><\/h2><p><strong>&#8222;Kroki\u2026\u00a0maj\u0105 prawdziw\u0105 moc!<\/strong><\/p><p><strong>Dreptanie z Movello niesie za sob\u0105 korzy\u015bci!&#8221;<\/strong><\/p><p>Wsp\u00f3lnymi si\u0142ami (dzieci, rodzic\u00f3w, nauczycieli, pracownik\u00f3w przedszkola<\/p><p>i innych, kt\u00f3rzy przy\u0142\u0105czyli si\u0119 do osi\u0105gni\u0119cia wyznaczonego celu)<\/p><p>otrzymali\u015bmy dla przedszkola \u201eOczyszczacz Powietrza\u201d.<\/p><p>Najwi\u0119cej kok\u00f3w zdoby\u0142a grupa\u00a0<strong>\u201eM\u0105dre Sowy\u201d<\/strong><\/p><p>&#8211; to do ich sali\u00a0\u00a0w pierwszej kolejno\u015bci pow\u0119drowa\u0142 oczyszczacz.<\/p><p>Dzi\u0119kujemy wszystkim tym, kt\u00f3rzy przyczynili si\u0119 do otrzymania Oczyszczacza<\/p><p>i zach\u0119camy do dalszych osi\u0105gni\u0119\u0107 w postaci krok\u00f3w!<\/p><\/div><p style=\"text-align: center;\">\u00a0<\/p><\/div><\/div><\/div>\t\t\t\t\t\t<\/div>\n\t\t\t\t<\/div>\n\t\t\t\t\t<\/div>\n\t\t<\/div>\n\t\t\t\t\t\t\t<\/div>\n\t\t<\/section>\n\t\t\t\t\t\t<\/div>\n\t\t\t\t\t<\/div>\n\t\t","protected":false},"excerpt":{"rendered":"<p>Oczyszczacz od Movello &#8222;Kroki\u2026\u00a0maj\u0105 prawdziw\u0105 moc! Dreptanie z Movello niesie za sob\u0105 korzy\u015bci!&#8221; Wsp\u00f3lnymi si\u0142ami (dzieci, rodzic\u00f3w, nauczycieli, pracownik\u00f3w przedszkola i innych, kt\u00f3rzy przy\u0142\u0105czyli si\u0119 do osi\u0105gni\u0119cia wyznaczonego celu) otrzymali\u015bmy dla przedszkola \u201eOczyszczacz Powietrza\u201d. Najwi\u0119cej kok\u00f3w zdoby\u0142a grupa\u00a0\u201eM\u0105dre Sowy\u201d &#8211; to do ich sali\u00a0\u00a0w pierwszej kolejno\u015bci pow\u0119drowa\u0142 oczyszczacz. Dzi\u0119kujemy wszystkim [&hellip;]<\/p>\n","protected":false},"author":1,"featured_media":0,"parent":0,"menu_order":0,"comment_status":"closed","ping_status":"closed","template":"","meta":{"ngg_post_thumbnail":0,"footnotes":""},"_links":{"self":[{"href":"https:\/\/pp8.kluczbork.pl\/index.php?rest_route=\/wp\/v2\/pages\/2240"}],"collection":[{"href":"https:\/\/pp8.kluczbork.pl\/index.php?rest_route=\/wp\/v2\/pages"}],"about":[{"href":"https:\/\/pp8.kluczbork.pl\/index.php?rest_route=\/wp\/v2\/types\/page"}],"author":[{"embeddable":true,"href":"https:\/\/pp8.kluczbork.pl\/index.php?rest_route=\/wp\/v2\/users\/1"}],"replies":[{"embeddable":true,"href":"https:\/\/pp8.kluczbork.pl\/index.php?rest_route=%2Fwp%2Fv2%2Fcomments&post=2240"}],"version-history":[{"count":7,"href":"https:\/\/pp8.kluczbork.pl\/index.php?rest_route=\/wp\/v2\/pages\/2240\/revisions"}],"predecessor-version":[{"id":5724,"href":"https:\/\/pp8.kluczbork.pl\/index.php?rest_route=\/wp\/v2\/pages\/2240\/revisions\/5724"}],"wp:attachment":[{"href":"https:\/\/pp8.kluczbork.pl\/index.php?rest_route=%2Fwp%2Fv2%2Fmedia&parent=2240"}],"curies":[{"name":"wp","href":"https:\/\/api.w.org\/{rel}","templated":true}]}}