{"id":2076,"date":"2022-04-10T13:18:17","date_gmt":"2022-04-10T13:18:17","guid":{"rendered":"https:\/\/pp8.kluczbork.pl\/?page_id=2076"},"modified":"2022-04-10T13:18:51","modified_gmt":"2022-04-10T13:18:51","slug":"gimnastyka-korekcyjna","status":"publish","type":"page","link":"https:\/\/pp8.kluczbork.pl\/?page_id=2076","title":{"rendered":"Gimnastyka Korekcyjna"},"content":{"rendered":"\t\t<div data-elementor-type=\"wp-page\" data-elementor-id=\"2076\" class=\"elementor elementor-2076\" data-elementor-settings=\"[]\">\n\t\t\t\t\t\t\t<div class=\"elementor-section-wrap\">\n\t\t\t\t\t\t\t<section class=\"elementor-section elementor-top-section elementor-element elementor-element-04bacdf elementor-section-boxed elementor-section-height-default elementor-section-height-default\" data-id=\"04bacdf\" data-element_type=\"section\">\n\t\t\t\t\t\t<div class=\"elementor-container elementor-column-gap-default\">\n\t\t\t\t\t<div class=\"elementor-column elementor-col-100 elementor-top-column elementor-element elementor-element-a619327\" data-id=\"a619327\" data-element_type=\"column\">\n\t\t\t<div class=\"elementor-widget-wrap elementor-element-populated\">\n\t\t\t\t\t\t\t\t<div class=\"elementor-element elementor-element-b0ee9c2 elementor-widget elementor-widget-text-editor\" data-id=\"b0ee9c2\" data-element_type=\"widget\" data-widget_type=\"text-editor.default\">\n\t\t\t\t<div class=\"elementor-widget-container\">\n\t\t\t\t\t\t\t\t<p><span style=\"font-size: 14pt;\">Gimnastyka korekcyjna jest specyficzn\u0105 form\u0105 \u0107wicze\u0144 fizycznych,<\/span><\/p><p><span style=\"font-size: 14pt;\">u kt\u00f3rych ruch zosta\u0142 podporz\u0105dkowany celom terapeutycznym,<\/span><\/p><p><span style=\"font-size: 14pt;\">a stosowane \u0107wiczenia miaj\u0105 doprowadzi\u0107<\/span><\/p><p><span style=\"font-size: 14pt;\">przede wszystkim do korekcji postawy cia\u0142a.\u00a0<\/span><\/p><p><span style=\"font-size: 14pt;\">Gimnastyka korekcyjna w przedszkolu w ramach Projektu\u00a0\u00a0mia\u0142a na celu:<\/span><\/p><p><span style=\"font-size: 14pt;\">&#8211; dzia\u0142anie profilaktycznie,<\/span><\/p><p><span style=\"font-size: 14pt;\">&#8211; eliminowanie wad postawy,<\/span><\/p><p><span style=\"font-size: 14pt;\">&#8211; kszta\u0142towanie nawyku prawid\u0142owej postawy,<\/span><\/p><p><span style=\"font-size: 14pt;\">&#8211; zapewnienie wszechstronnego rozwoju fizycznego<\/span><\/p><p><span style=\"font-size: 14pt;\">i wspania\u0142ej zdrowej zabawy,<\/span><\/p><p>\u00a0<\/p><p><span style=\"font-size: 14pt;\">Cele te realizowane by\u0142y\u00a0\u00a0poprzez nast\u0119puj\u0105ce zadania:<\/span><\/p><p><span style=\"font-size: 14pt;\">wyrobienie u dzieci nawyku prawid\u0142owej postawy &#8211; w trakcie zabaw ruchowych<\/span><\/p><p><span style=\"font-size: 14pt;\">oraz \u0107wicze\u0144 korekcyjnych dzieci poznawajace w\u0142asne cia\u0142o,<\/span><\/p><p><span style=\"font-size: 14pt;\">odkrywa\u0142y r\u00f3\u017cnice pomi\u0119dzy postaw\u0105 prawid\u0142ow\u0105 a nieprawid\u0142ow\u0105.<\/span><\/p><p>\u00a0<\/p><p><span style=\"font-size: 14pt;\">Zaj\u0119cia gimnastyki korekcyjnej w przedszkolu oddzia\u0142ywa\u0107<\/span><\/p><p><span style=\"font-size: 14pt;\">\u00a0nie tylko na motoryk\u0119 przedszkolak\u00f3w,<\/span><\/p><p><span style=\"font-size: 14pt;\">ale tak\u017ce na zdolno\u015bci zapami\u0119tywania,<\/span><\/p><p><span style=\"font-size: 14pt;\">koncentracj\u0119 uwagi, spostrzegawczo\u015bci.<\/span><\/p><p>\u00a0<\/p><p><span style=\"font-size: 14pt;\">Rozbudza\u0142y zami\u0142owanie do wszechstronnej aktywno\u015bci,<\/span><\/p><p><span style=\"font-size: 14pt;\">co mo\u017ce przyczyni\u0107 si\u0119 do lepszego startu w szkole.<\/span><\/p>\t\t\t\t\t\t<\/div>\n\t\t\t\t<\/div>\n\t\t\t\t\t<\/div>\n\t\t<\/div>\n\t\t\t\t\t\t\t<\/div>\n\t\t<\/section>\n\t\t\t\t\t\t<\/div>\n\t\t\t\t\t<\/div>\n\t\t","protected":false},"excerpt":{"rendered":"<p>Gimnastyka korekcyjna jest specyficzn\u0105 form\u0105 \u0107wicze\u0144 fizycznych, u kt\u00f3rych ruch zosta\u0142 podporz\u0105dkowany celom terapeutycznym, a stosowane \u0107wiczenia miaj\u0105 doprowadzi\u0107 przede wszystkim do korekcji postawy cia\u0142a.\u00a0 Gimnastyka korekcyjna w przedszkolu w ramach Projektu\u00a0\u00a0mia\u0142a na celu: &#8211; dzia\u0142anie profilaktycznie, &#8211; eliminowanie wad postawy, &#8211; kszta\u0142towanie nawyku prawid\u0142owej postawy, &#8211; zapewnienie wszechstronnego rozwoju [&hellip;]<\/p>\n","protected":false},"author":1,"featured_media":0,"parent":2074,"menu_order":0,"comment_status":"closed","ping_status":"closed","template":"","meta":{"ngg_post_thumbnail":0,"footnotes":""},"_links":{"self":[{"href":"https:\/\/pp8.kluczbork.pl\/index.php?rest_route=\/wp\/v2\/pages\/2076"}],"collection":[{"href":"https:\/\/pp8.kluczbork.pl\/index.php?rest_route=\/wp\/v2\/pages"}],"about":[{"href":"https:\/\/pp8.kluczbork.pl\/index.php?rest_route=\/wp\/v2\/types\/page"}],"author":[{"embeddable":true,"href":"https:\/\/pp8.kluczbork.pl\/index.php?rest_route=\/wp\/v2\/users\/1"}],"replies":[{"embeddable":true,"href":"https:\/\/pp8.kluczbork.pl\/index.php?rest_route=%2Fwp%2Fv2%2Fcomments&post=2076"}],"version-history":[{"count":3,"href":"https:\/\/pp8.kluczbork.pl\/index.php?rest_route=\/wp\/v2\/pages\/2076\/revisions"}],"predecessor-version":[{"id":2079,"href":"https:\/\/pp8.kluczbork.pl\/index.php?rest_route=\/wp\/v2\/pages\/2076\/revisions\/2079"}],"up":[{"embeddable":true,"href":"https:\/\/pp8.kluczbork.pl\/index.php?rest_route=\/wp\/v2\/pages\/2074"}],"wp:attachment":[{"href":"https:\/\/pp8.kluczbork.pl\/index.php?rest_route=%2Fwp%2Fv2%2Fmedia&parent=2076"}],"curies":[{"name":"wp","href":"https:\/\/api.w.org\/{rel}","templated":true}]}}

<div data-elementor-type="wp-page" data-elementor-id="2076" class="elementor elementor-2076" data-elementor-settings="[]">
							<div class="elementor-section-wrap">
							<section class="elementor-section elementor-top-section elementor-element elementor-element-04bacdf elementor-section-boxed elementor-section-height-default elementor-section-height-default" data-id="04bacdf" data-element_type="section">
						<div class="elementor-container elementor-column-gap-default">
					<div class="elementor-column elementor-col-100 elementor-top-column elementor-element elementor-element-a619327" data-id="a619327" data-element_type="column">
			<div class="elementor-widget-wrap elementor-element-populated">
								<div class="elementor-element elementor-element-b0ee9c2 elementor-widget elementor-widget-text-editor" data-id="b0ee9c2" data-element_type="widget" data-widget_type="text-editor.default">
				<div class="elementor-widget-container">
								<p><span style="font-size: 14pt;">Gimnastyka korekcyjna jest specyficzną formą ćwiczeń fizycznych,</span></p><p><span style="font-size: 14pt;">u których ruch został podporządkowany celom terapeutycznym,</span></p><p><span style="font-size: 14pt;">a stosowane ćwiczenia miają doprowadzić</span></p><p><span style="font-size: 14pt;">przede wszystkim do korekcji postawy ciała. </span></p><p><span style="font-size: 14pt;">Gimnastyka korekcyjna w przedszkolu w ramach Projektu  miała na celu:</span></p><p><span style="font-size: 14pt;">&#8211; działanie profilaktycznie,</span></p><p><span style="font-size: 14pt;">&#8211; eliminowanie wad postawy,</span></p><p><span style="font-size: 14pt;">&#8211; kształtowanie nawyku prawidłowej postawy,</span></p><p><span style="font-size: 14pt;">&#8211; zapewnienie wszechstronnego rozwoju fizycznego</span></p><p><span style="font-size: 14pt;">i wspaniałej zdrowej zabawy,</span></p><p> </p><p><span style="font-size: 14pt;">Cele te realizowane były  poprzez następujące zadania:</span></p><p><span style="font-size: 14pt;">wyrobienie u dzieci nawyku prawidłowej postawy &#8211; w trakcie zabaw ruchowych</span></p><p><span style="font-size: 14pt;">oraz ćwiczeń korekcyjnych dzieci poznawajace własne ciało,</span></p><p><span style="font-size: 14pt;">odkrywały różnice pomiędzy postawą prawidłową a nieprawidłową.</span></p><p> </p><p><span style="font-size: 14pt;">Zajęcia gimnastyki korekcyjnej w przedszkolu oddziaływać</span></p><p><span style="font-size: 14pt;"> nie tylko na motorykę przedszkolaków,</span></p><p><span style="font-size: 14pt;">ale także na zdolności zapamiętywania,</span></p><p><span style="font-size: 14pt;">koncentrację uwagi, spostrzegawczości.</span></p><p> </p><p><span style="font-size: 14pt;">Rozbudzały zamiłowanie do wszechstronnej aktywności,</span></p><p><span style="font-size: 14pt;">co może przyczynić się do lepszego startu w szkole.</span></p>						</div>
				</div>
					</div>
		</div>
							</div>
		</section>
						</div>
					</div>

<p>Gimnastyka korekcyjna jest specyficzną formą ćwiczeń fizycznych, u których ruch został podporządkowany celom terapeutycznym, a stosowane ćwiczenia miają doprowadzić przede wszystkim do korekcji postawy ciała.  Gimnastyka korekcyjna w przedszkolu w ramach Projektu  miała na celu: &#8211; działanie profilaktycznie, &#8211; eliminowanie wad postawy, &#8211; kształtowanie nawyku prawidłowej postawy, &#8211; zapewnienie wszechstronnego rozwoju [&hellip;]</p>
